{"id":90,"date":"2025-06-11T12:00:44","date_gmt":"2025-06-11T12:00:44","guid":{"rendered":"https:\/\/rssdata.ro\/?page_id=90"},"modified":"2025-06-11T12:00:44","modified_gmt":"2025-06-11T12:00:44","slug":"camere-axis","status":"publish","type":"page","link":"https:\/\/rssdata.ro\/?page_id=90","title":{"rendered":"Camere AXIS"},"content":{"rendered":"\n<p class=\"has-primary-color has-text-color has-link-color has-extra-small-font-size wp-elements-c7abb93837303b70684ca7aa8cf87df3\">Axis Communications este liderul de pia\u0163\u0103 \u00een supraveghere video IP \u015fi unul din promotorii principali din spatele trecerii de la tehnologia analogic\u0103 la cea digital\u0103 \u00een sistemele de supraveghere. Axis ofer\u0103 solu\u0163ii de supraveghere video pentru sisteme profesionale prin produse \u015fi solu\u0163ii bazate pe platforme tehnice inovatoare, care deschid calea c\u0103tre o lume mai sigur\u0103 \u015fi mai inteligent\u0103<\/p>\n\n\n\n<p class=\"has-primary-color has-text-color has-link-color has-extra-small-font-size wp-elements-03cb71cd742fb92987514d94b430c7d2\">Axis Communications a fost fondat\u0103 oficial \u00een 1984 de c\u0103tre Mikael Karlsson, Martin Gren si Keith Bloodworth. Cu un an \u00eenainte, Martin Gren \u015fi Mikael Karlsson au \u00eenfiin\u0163at compania Gren &amp; Karlsson, oferind servicii de consultan\u0163\u0103 pentru industria suedez\u0103 de IT. \u00cen 1984 ei l-au cunoscut pe Keith Bloomworth \u015fi cei trei antreprenori au fondat Axis. Primul produs a fost un server de imprimare IP care permitea conectarea la acesta a tuturor calculatoarelor din re\u0163ea.<\/p>\n\n\n\n<p class=\"has-primary-color has-text-color has-link-color has-extra-small-font-size wp-elements-0896e855fe5e486eba9fba678ad35691\">\u00cen perioada 1990 &#8211; 1995 c\u00e2nd Internetul s-a dezvoltat, Axis a fost un pioner \u00een conectivitatea de re\u0163ea folosind protocolul de Internet TCP\/IP \u015fi a recunoscut c\u0103 acest lucru va fi utilizat la o scar\u0103 mai larg\u0103 \u00een re\u0163elele IP.<\/p>\n\n\n\n<p class=\"has-primary-color has-text-color has-link-color has-extra-small-font-size wp-elements-56a64cae16ba653444b232bf07e826f0\">\u00cencep\u00e2nd cu anul 1995, Axis \u00eencepe s\u0103 se concentreze \u00een a dezvolta re\u0163elele IP mai inteligente, care s\u0103 permit\u0103 tot mai multe dispozitive hardware s\u0103 fie conectate simplu \u015fi economic \u00eentr-o singura re\u0163ea.<\/p>\n\n\n\n<p class=\"has-primary-color has-text-color has-link-color has-extra-small-font-size wp-elements-e8656e26045c38973efe090a373ec69d\">\u00cen anul 1996, \u00een urma acceler\u0103rii conceptului de accesare \u00een re\u0163ea a oricarui dispozitiv, Axis lanseaza prima camera IP de supraveghere video din lume, AXIS 200. Dezvoltat\u0103 de Martin Gren \u015fi Carl-Axel Alm, camera prezint\u0103 un server web integrat, care permite vizualizarea imaginilor video de la distan\u0163\u0103 prin orice browser, indiferent de loca\u0163ia sa. Destina\u0163ia ini\u0163ial\u0103 a camerei video IP a fost monitorizarea de la distan\u0163\u0103.<\/p>\n\n\n\n<p class=\"has-primary-color has-text-color has-link-color has-extra-small-font-size wp-elements-515278447ab71be15716761cf7e363f2\">\u00cen 2002, compania a v\u0103zut declinul \u00een pia\u0163a de servere IP de imprimare \u015fi a \u00eenceput s\u0103 pun\u0103 accent pe supraveghere video IP unde devine furnizorul numarul 1 \u00een lume \u00een urma lans\u0103rilor cu succes a produselor, inov\u0103rii \u015fi a modelului s\u0103u de afaceri. Axis devine un jucator global \u00een perioada 2002 &#8211; 2012 datorit\u0103 numeroaselor birouri interna\u0163ionale \u015fi a partenerilor din \u00eentreaga lume.<\/p>\n\n\n\n<p class=\"has-primary-color has-text-color has-link-color has-extra-small-font-size wp-elements-44b3df362776bcfc4be587b5e07f2a75\">Lider de pia\u0163\u0103<\/p>\n\n\n\n<p class=\"has-primary-color has-text-color has-link-color has-extra-small-font-size wp-elements-a9a9e58856d1131522e8464460223cce\">Axis \u015fi-a men\u0163inut pozi\u0163ia de lider de pia\u0163\u0103 at\u00e2t \u00een categoria camerelor IP c\u00e2t \u015fi \u00een categoria general\u0103 de supraveghere video. De asemenea, se afl\u0103 \u00een pozi\u0163ia de lider de pia\u0163\u0103 pentru categoria encoderelor video \u015fi, prin urmare, consolideaz\u0103 pozi\u0163ia companiei pe pia\u0163a de supraveghere video.<\/p>\n\n\n\n<p class=\"has-primary-color has-text-color has-link-color has-extra-small-font-size wp-elements-6afe0bcdd118b917d89de64f8ef4f2ef\">In prezent avand peste 90000 de parteneri in 179 de tari.<\/p>\n\n\n\n<p class=\"has-primary-color has-text-color has-link-color has-extra-small-font-size wp-elements-c22bd1d9e69267280310ea775b0a47e2\">Camere IP<\/p>\n\n\n\n<p class=\"has-primary-color has-text-color has-link-color has-extra-small-font-size wp-elements-ddc0a5af2e563e7b85b6346a4ddffa5d\">Bazate pe standarde Open IP, camerele IP Axis se integreaz\u0103 cu orice tip de re\u0163ea IP, inclusiv pe Internet \u015fi permit vizualizarea \u015fi \u00eenregistrarea de la distan\u0163\u0103 din orice loca\u0163ie din lume. De asemenea, ofer\u0103 caracteristici avansate de analiz\u0103 video, cum ar fi detec\u0163ia la mi\u015fcare, detec\u0163ia audio sau alarme de tamper.<\/p>\n\n\n\n<p class=\"has-primary-color has-text-color has-link-color has-extra-small-font-size wp-elements-bb0e3e2e27144709edc067a941fa7e89\">AXIS M2025-LE<\/p>\n\n\n\n<p class=\"has-primary-color has-text-color has-link-color has-extra-small-font-size wp-elements-afbe90e20ff92b2357d8cbbf70cfeb0e\">Camera IP AXIS M2025-LE, Bullet, CMOS, AlbWireless: NuInterfata: RJ45 10Base-T\/100Base-TX PoETip camera: ExteriorTip Senzor: CMOSLentile: 2.8mm Fixed Lens at f\/2.0 ApertureRezolutie maxima: 1920 x 1080 pixeliIluminare: Color: 0.2 lux at 50 IRE, f\/2.0 ,B&amp;W: 0.04 lux at 50 IRE, f\/2.0 LuxLAN Port: DaSecuritate: Password protection, IP address filtering, HTTPS encryption, IEEE 802.1X, network access control, digest authentication, user access log, Centralized Certificate ManagementProtocoa<\/p>\n\n\n\n<p class=\"has-primary-color has-text-color has-link-color has-extra-small-font-size wp-elements-22897c34904df079df48c27b9340a5ac\">Camera MINI-DOME IP HD (1080p), de interior, ONVIF Axis M3045-V<\/p>\n\n\n\n<p class=\"has-primary-color has-text-color has-link-color has-extra-small-font-size wp-elements-4898046e6391f85170b49fe6b4a62bf6\">Camera MINI-DOME IP HD (1080p), de interior, ONVIF<br>30 fps la 1080p<br>Compresie H264, MJPEG \/ Multi stream<br>Senzor 1\/3&#8243; CMOS<br>Contine lentila fixa 2.8 mm<br>Vandal resistant, protectie IP 42 Edge Storage on microSD card, Pixel counter, Digital PTZ, Corridor format,WDR, Intelligent video ACAP, iesire HDMI, Axis&#8217; Zipstream technology in H.264<br>Alimentare PoE IEEE 802.3 af Clasa 1 P\/N:0804-001 )<\/p>\n\n\n\n<p class=\"has-primary-color has-text-color has-link-color has-extra-small-font-size wp-elements-dc1a176d1cb799e72d84ce0f84099cbb\">Encodere<\/p>\n\n\n\n<p class=\"has-primary-color has-text-color has-link-color has-extra-small-font-size wp-elements-a445a778f80afae29bedad0d9e093ddf\">Un encoder video (men\u0163ionat \u015fi ca server video) digitizeaz\u0103 semnalele video analogice \u015fi trimite imagini digitale direct \u00eentr-o retea IP, cum ar fi o re\u0163ea local\u0103, Intranet sau Internet. \u00cen esen\u0163\u0103, acestea schimb\u0103 un sistem video analogic \u00eentr-un sistem video digital \u015fi permit utilizatorilor s\u0103 vizualizeze imagini live folosind un browser web sau un soft de management video de pe orice calculator local sau la distan\u0163\u0103.<\/p>\n\n\n\n<p class=\"has-primary-color has-text-color has-link-color has-extra-small-font-size wp-elements-d77c06d9b7b572803fd289ecc0eba4b7\">Soft-uri de management video<\/p>\n\n\n\n<p class=\"has-primary-color has-text-color has-link-color has-extra-small-font-size wp-elements-57cb18ca78fd6028f4f6d902365bfd17\">Axis ofer\u0103 solu\u0163ii software de supraveghere video IP ca o<br>completare la gamele de camerele IP \u015fi encodere.<\/p>\n","protected":false},"excerpt":{"rendered":"<p>Axis Communications este liderul de pia\u0163\u0103 \u00een supraveghere video IP \u015fi unul din promotorii principali din spatele trecerii de la tehnologia analogic\u0103 la cea digital\u0103 \u00een sistemele de supraveghere. Axis ofer\u0103 solu\u0163ii de supraveghere video pentru sisteme profesionale prin produse \u015fi solu\u0163ii bazate pe platforme tehnice inovatoare, care deschid calea c\u0103tre o lume mai sigur\u0103 [&hellip;]<\/p>\n","protected":false},"author":1,"featured_media":0,"parent":0,"menu_order":0,"comment_status":"closed","ping_status":"closed","template":"","meta":{"footnotes":""},"class_list":["post-90","page","type-page","status-publish","hentry"],"_links":{"self":[{"href":"https:\/\/rssdata.ro\/index.php?rest_route=\/wp\/v2\/pages\/90","targetHints":{"allow":["GET"]}}],"collection":[{"href":"https:\/\/rssdata.ro\/index.php?rest_route=\/wp\/v2\/pages"}],"about":[{"href":"https:\/\/rssdata.ro\/index.php?rest_route=\/wp\/v2\/types\/page"}],"author":[{"embeddable":true,"href":"https:\/\/rssdata.ro\/index.php?rest_route=\/wp\/v2\/users\/1"}],"replies":[{"embeddable":true,"href":"https:\/\/rssdata.ro\/index.php?rest_route=%2Fwp%2Fv2%2Fcomments&post=90"}],"version-history":[{"count":1,"href":"https:\/\/rssdata.ro\/index.php?rest_route=\/wp\/v2\/pages\/90\/revisions"}],"predecessor-version":[{"id":91,"href":"https:\/\/rssdata.ro\/index.php?rest_route=\/wp\/v2\/pages\/90\/revisions\/91"}],"wp:attachment":[{"href":"https:\/\/rssdata.ro\/index.php?rest_route=%2Fwp%2Fv2%2Fmedia&parent=90"}],"curies":[{"name":"wp","href":"https:\/\/api.w.org\/{rel}","templated":true}]}}